he greatest common divisor of 356 and 20532?
4
Calculate the highest common divisor of 2959050 and 300.
150
What is the greatest common divisor of 507364 and 156?
52
Calculate the greatest common divisor of 7701 and 1887.
51
Calculate the greatest common factor of 71780 and 44400.
740
What is the highest common factor of 434 and 204228?
62
Calculate the greatest common factor of 324 and 6687.
9
Calculate the highest common factor of 975 and 1102075.
325
Calculate the greatest common factor of 166749 and 11.
11
What is the greatest common divisor of 2616 and 58206?
654
What is the highest common divisor of 196 and 98?
98
What is the highest common divisor of 795 and 6655?
5
What is the greatest common factor of 2106 and 6552?
234
Calculate the greatest common factor of 2418 and 16089.
93
What is the highest common factor of 344405 and 15?
5
Calculate the highest common factor of 20660 and 100.
20
What is the highest common factor of 18080 and 1184?
32
Calculate the highest common factor of 580 and 16020.
20
Calculate the highest common factor of 10081 and 527.
17
What is the highest common factor of 229490 and 10?
10
Calculate the greatest common factor of 456332 and 4.
4
Calculate the greatest common factor of 337760 and 120.
40
Calculate the greatest common factor of 210 and 194369.
7
Calculate the greatest common factor of 1251 and 22379.
139
Calculate the highest common divisor of 188 and 1444028.
188
Calculate the greatest common factor of 64284 and 300.
12
Calculate the highest common divisor of 39 and 11.
1
Calculate the greatest common divisor of 158 and 60514.
158
Calculate the greatest common divisor of 4640 and 2610.
290
What is the highest common factor of 3359 and 127?
1
What is the highest common divisor of 7 and 2765294?
7
Calculate the highest common divisor of 420413 and 812.
203
What is the highest common divisor of 678477 and 1311?
69
What is the highest common factor of 14 and 224882?
14
What is the greatest common factor of 9437530 and 293?
293
Calculate the highest common divisor of 1010 and 111403.
101
What is the greatest common factor of 134 and 142174?
134
What is the highest common divisor of 343209 and 18873?
699
What is the highest common factor of 8347 and 731?
17
What is the highest common divisor of 1893198 and 285?
57
Calculate the greatest common factor of 3 and 84930.
3
What is the highest common factor of 7939 and 459?
17
Calculate the greatest common factor of 2190 and 1893255.
1095
Calculate the highest common factor of 15930 and 83013.
177
What is the highest common factor of 37380 and 3780?
420
What is the greatest common divisor of 272196 and 1620?
36
What is the highest common factor of 66348 and 38?
38
Calculate the greatest common divisor of 398 and 25273.
199
What is the highest common divisor of 9600 and 110100?
300
What is the greatest common factor of 96 and 1704?
24
What is the highest common factor of 1734912 and 864?
864
What is the highest common factor of 1067 and 2728?
11
Calculate the highest common factor of 160 and 28280.
40
What is the highest common divisor of 92 and 2064549?
23
What is the highest common divisor of 90 and 190560?
30
Calculate the greatest common divisor of 97264 and 4.
4
Calculate the highest common divisor of 2 and 38938.
2
Calculate the greatest common divisor of 2013 and 1212.
3
Calculate the greatest common divisor of 2868 and 516.
12
What is the highest common divisor of 122315 and 1785?
85
Calculate the greatest common factor of 526 and 117298.
526
Calculate the greatest common factor of 150 and 159042.
6
What is the highest common divisor of 55 and 4205?
5
What is the greatest common factor of 91560 and 24?
24
Calculate the greatest common divisor of 239 and 2093162.
239
Calculate the greatest common factor of 52 and 2756.
52
What is the highest common factor of 58416 and 64?
16
Calculate the greatest common factor of 33 and 140327.
11
What is the greatest common factor of 32 and 24176?
16
What is the greatest common factor of 474282 and 54?
54
What is the greatest common divisor of 196 and 144844?
196
What is the greatest common factor of 2444 and 125372?
52
Calculate the highest common factor of 29256 and 552.
552
Calculate the highest common factor of 92 and 37582.
46
Calculate the highest common factor of 26 and 171418.
26
What is the greatest common divisor of 12233 and 531665?
941
What is the greatest common divisor of 728 and 1508?
52
Calculate the greatest common divisor of 756 and 2538.
54
What is the highest common factor of 11625 and 570375?
375
What is the greatest common divisor of 1105 and 765?
85
What is the highest common factor of 584 and 633494?
146
Calculate the greatest common factor of 290 and 1055194.
58
Calculate the highest common divisor of 8 and 1318092.
4
Calculate the greatest common factor of 24460 and 1580.
20
What is the highest common divisor of 497 and 13064?
71
What is the highest common divisor of 4170 and 138?
6
Calculate the highest common divisor of 214 and 17762.
214
What is the highest common divisor of 165 and 165?
165
What is the greatest common divisor of 3280 and 26732?
164
What is the greatest common factor of 25176 and 153?
3
Calculate the greatest common divisor of 2432 and 12928.
128
What is the highest common divisor of 2262 and 162?
6
What is the greatest common divisor of 88 and 561968?
88
Calculate the highest common divisor of 15 and 1850.
5
What is the highest common divisor of 19892 and 12?
4
Calculate the greatest common divisor of 904 and 56472.
8
Calculate the highest common factor of 585 and 1125.
45
Calculate the greatest common divisor of 21153 and 286.
11
What is the highest common factor of 496 and 103106?
62
What is the highest common factor of 6086 and 68?
34
What is the greatest common divisor of 40 and 31760?
40
What is the greatest common divisor of 372 and 3336?
12
What is the greatest common divisor of 6591 and 377?
13
Calculate the greatest common divisor of 31376 and 64.
16
What is the highest common factor of 42 and 14406?
42
What is the greatest common divisor of 808 and 13938?
202
Calculate the greatest common factor of 140 and 976556.
28
Calculate the greatest common factor of 5175 and 259670.
115
What is the greatest common divisor of 121695 and 5?
5
What is the highest common factor of 133694 and 18821?
649
Calculate the highest common divisor of 5362409 and 39.
13
What is the highest common divisor of 60918 and 26?
26
What is the greatest common factor of 135 and 3650?
5
Calculate the greatest common divisor of 6543 and 15948.
9
What is the highest common divisor of 316 and 1534338?
158
What is the highest common factor of 561642 and 6?
6
Calculate the greatest common factor of 26 and 1016704.
26
What is the greatest common factor of 27 and 9261351?
27
What is the highest common divisor of 71717 and 7888?
29
What is the highest common divisor of 4560 and 22515?
285
Calculate the greatest common divisor of 39 and 2169219.
39
Calculate the greatest common factor of 124124 and 169.
13
Calculate the greatest common factor of 1804 and 101596.
44
Calculate the greatest common divisor of 2169 and 99.
9
Calculate the greatest common divisor of 2452 and 12.
4
What is the highest common factor of 10866 and 552?
6
Calculate the greatest common factor of 72352 and 1330.
266
What is the greatest common factor of 13694 and 10354?
334
Calculate the greatest common factor of 9448282 and 38.
38
What is the highest common factor of 2033 and 864667?
107
What is the highest common factor of 87 and 1037359?
29
What is the greatest common divisor of 845812 and 2068?
2068
What is the greatest common divisor of 240273 and 22?
11
Calculate the greatest common factor of 9867 and 10296.
429
What is the highest common divisor of 45400 and 50?
50
What is the highest common factor of 1605 and 214?
107
What is the highest common divisor of 4108 and 12220?
52
What is the greatest common divisor of 179263 and 14?
7
Calculate the greatest common divisor of 18001 and 1149.
383
What is the greatest common divisor of 114 and 11650686?
114
Calculate the greatest common divisor of 977238 and 216.
54
Calculate the greatest common divisor of 36049 and 2041.
13
Calculate the highest common factor of 14550 and 300.
150
Wh